 the greatest common divisor of 3268169 and 8633?
89
Calculate the highest common divisor of 196 and 425206824.
28
Calculate the greatest common factor of 585150 and 47783349.
11703
Calculate the greatest common divisor of 576 and 2900896.
32
What is the greatest common factor of 1292911 and 8471?
197
Calculate the greatest common divisor of 285930 and 80838.
162
What is the highest common factor of 40865374 and 66?
22
What is the highest common divisor of 265 and 1978105?
5
Calculate the highest common divisor of 1658072 and 1498.
214
What is the greatest common divisor of 165 and 8613462?
33
Calculate the greatest common factor of 3100 and 330775.
25
Calculate the greatest common divisor of 16762 and 1484104.
58
What is the greatest common divisor of 2893514556 and 348?
348
Calculate the greatest common divisor of 313372 and 78500.
628
What is the greatest common factor of 254942904 and 42?
6
What is the highest common factor of 40764 and 1172868?
516
What is the greatest common divisor of 794624 and 163584?
256
What is the highest common divisor of 17752901 and 58?
29
What is the highest common factor of 5897340 and 17085?
1005
Calculate the greatest common factor of 3376 and 8164856.
1688
What is the greatest common factor of 90 and 930510?
90
Calculate the greatest common factor of 196483 and 6475.
7
Calculate the highest common factor of 50480 and 99840.
80
What is the highest common divisor of 77411 and 9243029?
389
What is the greatest common divisor of 765776 and 115808?
176
What is the highest common factor of 567 and 319179?
21
What is the greatest common factor of 23680048 and 476?
476
What is the highest common factor of 569020 and 667?
23
Calculate the highest common factor of 33377760 and 1560.
1560
What is the greatest common factor of 550014 and 13843?
109
What is the greatest common factor of 133607 and 436931?
3611
What is the highest common divisor of 10783125 and 17679?
213
Calculate the highest common factor of 32368 and 341054.
238
Calculate the greatest common divisor of 83744 and 300128.
32
Calculate the greatest common divisor of 1099 and 749411397.
1099
What is the greatest common divisor of 463650880 and 5390?
770
Calculate the highest common factor of 390292125 and 125.
125
What is the highest common divisor of 12687705 and 27?
27
Calculate the greatest common divisor of 18094979 and 183.
61
Calculate the highest common factor of 74299 and 4775.
191
What is the greatest common factor of 144 and 9658016?
16
What is the greatest common divisor of 23 and 271362257?
23
Calculate the highest common divisor of 1725 and 1527.
3
Calculate the greatest common factor of 1784 and 243872.
8
Calculate the greatest common factor of 1078 and 476378.
98
Calculate the greatest common factor of 40810 and 1047739.
77
What is the highest common divisor of 25754 and 1045486?
158
Calculate the highest common divisor of 395976900 and 6600.
3300
Calculate the greatest common divisor of 12 and 46184476.
4
What is the highest common divisor of 6925092 and 906?
6
What is the greatest common divisor of 34 and 1112633?
17
What is the greatest common divisor of 103008 and 1316832?
2784
Calculate the greatest common factor of 53186 and 131341.
203
Calculate the greatest common divisor of 21646 and 17839866.
274
Calculate the greatest common divisor of 10 and 1490845.
5
What is the highest common factor of 612 and 1589823?
153
Calculate the greatest common divisor of 34444481 and 1448.
181
Calculate the greatest common factor of 19258565 and 5.
5
Calculate the highest common divisor of 9195957 and 288.
9
Calculate the greatest common factor of 24 and 5597544.
24
Calculate the highest common factor of 326812285 and 22913.
2083
Calculate the greatest common factor of 4557 and 393197.
7
Calculate the greatest common divisor of 5470234 and 8470.
154
Calculate the highest common factor of 4976446 and 162.
2
What is the greatest common divisor of 5971655 and 6259?
569
Calculate the greatest common factor of 29559492 and 1953.
279
Calculate the highest common factor of 39251802 and 25809.
3687
Calculate the highest common factor of 179465 and 24098008.
2761
Calculate the highest common divisor of 119 and 9801333.
17
What is the greatest common divisor of 461163 and 1133637?
1329
What is the highest common divisor of 187 and 96280129?
187
Calculate the highest common divisor of 19994946 and 122.
122
What is the highest common divisor of 50 and 774687325?
25
Calculate the highest common divisor of 560 and 18970280.
280
Calculate the highest common factor of 381052 and 670964.
868
What is the highest common factor of 1271 and 20027967?
41
Calculate the greatest common divisor of 4482540 and 353160.
1620
Calculate the greatest common divisor of 95563598 and 1534.
1534
What is the highest common factor of 871680 and 834906?
1362
Calculate the greatest common divisor of 2305920 and 1168320.
960
What is the highest common divisor of 87928 and 13862?
58
Calculate the greatest common factor of 2924 and 72154.
86
Calculate the highest common divisor of 91527205 and 35.
35
What is the highest common factor of 4347 and 3967569?
621
Calculate the highest common divisor of 14 and 742832566.
14
What is the highest common divisor of 4479436 and 91?
13
Calculate the highest common divisor of 659337037 and 1994.
997
What is the greatest common factor of 4213556 and 37924?
1996
Calculate the highest common divisor of 602684705 and 2065.
2065
Calculate the greatest common factor of 50526784 and 1386.
154
Calculate the greatest common factor of 391132 and 27206.
122
What is the greatest common factor of 3739041 and 15525?
621
Calculate the highest common factor of 1044 and 122060304.
1044
Calculate the highest common factor of 3903398 and 82768.
1478
What is the greatest common factor of 875714 and 14977?
881
Calculate the highest common factor of 37920162 and 63.
21
What is the highest common factor of 8415 and 1903915?
85
What is the greatest common factor of 93912 and 3755577?
903
Calculate the highest common factor of 7722 and 1457742.
858
Calculate the greatest common factor of 35972 and 34270.
46
Calculate the greatest common factor of 103039755 and 180.
15
Calculate the highest common divisor of 2 and 1692905.
1
What is the highest common factor of 130 and 1772602?
26
What is the highest common factor of 10832200 and 332100?
4100
What is the highest common factor of 2198 and 1158974?
314
Calculate the greatest common factor of 132010 and 1078870.
430
What is the greatest common divisor of 468 and 11006970?
78
What is the highest common divisor of 3162 and 934806?
6
What is the highest common divisor of 52 and 1162252?
52
What is the greatest common divisor of 1048 and 105972712?
1048
Calculate the highest common divisor of 586406 and 7878.
202
Calculate the greatest common factor of 1634 and 8611294.
38
What is the greatest common factor of 9392189 and 8729?
43
Calculate the highest common divisor of 6214 and 623844.
26
What is the highest common divisor of 351105 and 978555?
1335
What is the greatest common divisor of 8 and 834788?
4
Calculate the greatest common factor of 46571 and 33425.
7
Calculate the highest common divisor of 10285 and 8395585.
605
Calculate the highest common factor of 490 and 3782480.
10
What is the highest common divisor of 8 and 148142116?
4
What is the greatest common factor of 10535 and 2185155?
245
Calculate the greatest common factor of 51909 and 9036885.
4719
What is the highest common divisor of 189946 and 18768226?
2602
What is the greatest common factor of 6680 and 428152?
8
What is the highest common factor of 1286642 and 6118?
266
Calculate the highest common divisor of 638769 and 3879.
3
What is the greatest common divisor of 226536 and 55896?
24
What is the greatest common divisor of 1000 and 132388125?
125
Calculate the highest common factor of 140581 and 1372.
49
Calculate the greatest common factor of 66743256 and 84.
12
What is the greatest common factor of 19239506 and 6578?
286
What is the greatest common factor of 83263621 and 35?
7
What is the greatest common factor of 1649679 and 6?
3
What is the greatest common divisor of 13792 and 820272304?
6896
What is the highest common divisor of 42 and 187241530?
14
What is 